{"id":22,"date":"2019-02-27T11:13:23","date_gmt":"2019-02-27T10:13:23","guid":{"rendered":"http:\/\/www-1.steinzeitdorf-randau.de\/?page_id=22"},"modified":"2021-10-18T14:06:24","modified_gmt":"2021-10-18T12:06:24","slug":"ausstellung","status":"publish","type":"page","link":"https:\/\/www.steinzeitdorf-randau.de\/?page_id=22","title":{"rendered":"Ausstellung"},"content":{"rendered":"\n<figure class=\"wp-block-image\"><img decoding=\"async\" loading=\"lazy\" width=\"680\" height=\"250\" src=\"https:\/\/www.steinzeitdorf-randau.de\/wp-content\/uploads\/2019\/05\/finden.png\" alt=\"\" class=\"wp-image-212\" srcset=\"https:\/\/www.steinzeitdorf-randau.de\/wp-content\/uploads\/2019\/05\/finden.png 680w, https:\/\/www.steinzeitdorf-randau.de\/wp-content\/uploads\/2019\/05\/finden-300x110.png 300w\" sizes=\"(max-width: 680px) 100vw, 680px\" \/><\/figure>\n\n\n\n<h2 class=\"wp-block-heading\">Was sie bei uns finden<\/h2>\n\n\n\n<p>Das Gel\u00e4nde des Steinzeitdorfes Randau und die H\u00e4user wurden mit  \nWerkzeugen, Waffen, Einrichtungsgegenst\u00e4nden und nachgebildeten Ger\u00e4tschaften\naus der Jungsteinzeit (Neolithikum) ausgestattet.<\/p>\n\n\n\n<p>Ein Kr\u00e4utergarten zeigt Nutzpflanzen, die schon in der Steinzeit verwendet wurden. Im Backofen wird zu besonderen Anl\u00e4ssen wohlschmeckendes Brot nach uraltem Verfahren gebacken. Mit Handspindeln kann man spinnen. Am Schie\u00dfstand kann man den Umgang mit Speer oder Pfeil und Bogen \u00fcben, Birkenteer herstellen oder ein Steinzeitzelt testen.<\/p>\n\n\n\n<p> Zu den gezeigten Nachbildungen geh\u00f6ren Speere und Speerschleudern, ein  Horn zum Aufbewahren von Zunder zum Feuermachen, N\u00e4hnadeln und Ahlen, Beile, Sicheln, Fischreusen, Tonwaren, ein Schwirrholz und vieles mehr. <\/p>\n\n\n\n<h2 class=\"wp-block-heading\">H\u00e4user aus drei Epochen<\/h2>\n\n\n\n<p>Die Rekonstruktion eines \u00fcber 7.500 Jahre alten Fundes aus der Magdeburger B\u00f6rde ist das &#8222;\u00e4lteste&#8220; Haus im Steinzeitdorf. Das Langhaus aus der linienbandkeramischen Kultur stammt aus den Anf\u00e4ngen der b\u00e4uerlichen Besiedlung in der Jungsteinzeit.<\/p>\n\n\n\n<p>Die Bauweise lehnt sich an bandkeramischen Funde (25 km von Magdeburg entfernt)  im Salzlandkreis an, die zu den \u00e4ltesten Geb\u00e4uden n\u00f6rdlich der Alpen z\u00e4hlen. In solchen H\u00e4usern lebten die ersten Menschen, die im Gebiet des jetzigen Sachsen-Anhalts sesshaft wurden, Ackerbau und Viehzucht betrieben und das \u00e4lteste Sonnenobservatorium Europas errichteten.<\/p>\n\n\n\n<p>Ihm gegen\u00fcber erinnert ein Haus aus der Sch\u00f6nfelder Kultur (1940 hier gefunden) an das Ende der Jungsteinzeit &#8211; ca. 3.000 Jahre sp\u00e4ter. Die Sch\u00f6nfelder Kultur mit ihrer Sonnensymbolik reicht bis an die Schwelle der Kupfer- und Bronzezeit heran. Die Sonnenverehrung der &#8222;Sch\u00f6nfelder&#8220; deutet bereits das Umfeld an, in dem fast ein Jahrtausend sp\u00e4ter die ber\u00fchmte rund 3.600 Jahre alte Himmelsscheibe von Nebra geschaffen wurde.<\/p>\n\n\n\n<p>Das <a href=\"https:\/\/www.steinzeitdorf-randau.de\/?page_id=1205\">mittelalterliche Grubenhaus<\/a> im Steinzeitdorf Randau erinnert an rund 1.200 Jahre alte Fundamentspuren von H\u00e4usern. Diese wurden am Magdeburger Domplatz und an anderen Orten in Sachsen-Anhalt ausgegraben. Die konstant feuchtk\u00fchlen Grubenh\u00e4user dienten von der Steinzeit bis zum Mittelalter als Arbeitsst\u00e4tte und zur Lagerung von Nahrungsmitteln. <\/p>\n","protected":false},"excerpt":{"rendered":"<p>Was sie bei uns finden Das Gel\u00e4nde des Steinzeitdorfes Randau und die H\u00e4user wurden mit Werkzeugen, Waffen, Einrichtungsgegenst\u00e4nden und nachgebildeten Ger\u00e4tschaften aus der Jungsteinzeit (Neolithikum) ausgestattet. Ein Kr\u00e4utergarten zeigt Nutzpflanzen, die schon in der Steinzeit verwendet wurden. Im Backofen wird zu besonderen Anl\u00e4ssen wohlschmeckendes Brot nach uraltem Verfahren gebacken. Mit Handspindeln kann man spinnen. Am [&hellip;]<\/p>\n","protected":false},"author":1,"featured_media":0,"parent":0,"menu_order":2,"comment_status":"closed","ping_status":"closed","template":"fullwidth.php","meta":[],"_links":{"self":[{"href":"https:\/\/www.steinzeitdorf-randau.de\/index.php?rest_route=\/wp\/v2\/pages\/22"}],"collection":[{"href":"https:\/\/www.steinzeitdorf-randau.de\/index.php?rest_route=\/wp\/v2\/pages"}],"about":[{"href":"https:\/\/www.steinzeitdorf-randau.de\/index.php?rest_route=\/wp\/v2\/types\/page"}],"author":[{"embeddable":true,"href":"https:\/\/www.steinzeitdorf-randau.de\/index.php?rest_route=\/wp\/v2\/users\/1"}],"replies":[{"embeddable":true,"href":"https:\/\/www.steinzeitdorf-randau.de\/index.php?rest_route=%2Fwp%2Fv2%2Fcomments&post=22"}],"version-history":[{"count":9,"href":"https:\/\/www.steinzeitdorf-randau.de\/index.php?rest_route=\/wp\/v2\/pages\/22\/revisions"}],"predecessor-version":[{"id":1208,"href":"https:\/\/www.steinzeitdorf-randau.de\/index.php?rest_route=\/wp\/v2\/pages\/22\/revisions\/1208"}],"wp:attachment":[{"href":"https:\/\/www.steinzeitdorf-randau.de\/index.php?rest_route=%2Fwp%2Fv2%2Fmedia&parent=22"}],"curies":[{"name":"wp","href":"https:\/\/api.w.org\/{rel}","templated":true}]}}