{"id":184,"date":"2019-02-28T14:31:03","date_gmt":"2019-02-28T13:31:03","guid":{"rendered":"https:\/\/www.steinzeitdorf-randau.de\/?page_id=184"},"modified":"2023-07-04T22:21:39","modified_gmt":"2023-07-04T20:21:39","slug":"spenden","status":"publish","type":"page","link":"https:\/\/www.steinzeitdorf-randau.de\/?page_id=184","title":{"rendered":"Spenden"},"content":{"rendered":"\n<figure class=\"wp-block-image\"><img decoding=\"async\" loading=\"lazy\" width=\"680\" height=\"250\" src=\"https:\/\/www.steinzeitdorf-randau.de\/wp-content\/uploads\/2019\/05\/spenden.png\" alt=\"\" class=\"wp-image-208\" srcset=\"https:\/\/www.steinzeitdorf-randau.de\/wp-content\/uploads\/2019\/05\/spenden.png 680w, https:\/\/www.steinzeitdorf-randau.de\/wp-content\/uploads\/2019\/05\/spenden-300x110.png 300w\" sizes=\"(max-width: 680px) 100vw, 680px\" \/><\/figure>\n\n\n\n<p>Der F\u00f6rderverein Randau e.V. ist ein Verein mit mehr als 40  Mitgliedern, die es sich zur Aufgabe gemacht haben, die Geschichte des steinzeitlichen Siedlungsgebietes in und um Randau f\u00fcr die  \u00d6ffentlichkeit sichtbar und erlebbar zu machen. Durch das Engagement des Vorstandes wurde es mit Hilfe von staatlicher F\u00f6rderung m\u00f6glich eine Vollzeitstelle f\u00fcr die Umweltp\u00e4dagogik zu realisieren. Nichts desto trotz tr\u00e4gt der Verein weiterhin alle regelm\u00e4\u00dfig anfallenden Kosten selbst und finanziert sich ausschlie\u00dflich durch die moderaten Unkostenbeitr\u00e4ge f\u00fcr die p\u00e4dagogischen Angebote und die \u00f6ffentlichen  F\u00fchrungen. <\/p>\n\n\n\n<p>Der Verein ist f\u00fcr jede Spende dankbar. <\/p>\n\n\n\n<p>Das Steinzeitdorf Randau ist ein Projekt engagierter B\u00fcrger aus Randau und der  Magdeburger Kreuzhorstregion. <\/p>\n\n\n\n<p><a href=\"https:\/\/www.steinzeitdorf-randau.de\/?page_id=505\">\u00dcber unser Leitbild &#8211; mehr erfahren &#8230;<\/a><\/p>\n\n\n<div class=\"wp-block-image\">\n<figure class=\"aligncenter\"><img decoding=\"async\" loading=\"lazy\" width=\"270\" height=\"115\" src=\"https:\/\/www.steinzeitdorf-randau.de\/wp-content\/uploads\/2020\/09\/Logo-Foerderung.png\" alt=\"\" class=\"wp-image-737\"\/><figcaption class=\"wp-element-caption\"> Projekt Zeitreise &#8211; gef\u00f6rdert durch das LVWA Sachsen-Anhalt <\/figcaption><\/figure><\/div>\n\n\n<h2 class=\"wp-block-heading\">Kontoverbindung<\/h2>\n\n\n\n<p>F\u00f6rderverein Randau e.V.<br>IBAN: DE50 5003 3300 1213 1654 00&nbsp;<br>Santander Bank<\/p>\n\n\n\n<p>Bitte im Verwendungszweck das Wort &#8222;Spende&#8220; angeben. M\u00f6chten sie auch eine Spendenquittung, dann schreiben sie uns zus\u00e4tzlich per Email unter <a href=\"mailto:info@steinzeitdorf-randau.de\">info@steinzeitdorf-randau.de<\/a> an und teilen uns Namen sowie Anschrift mit. Dann k\u00f6nnen wir ihnen eine Spendenquittung zusenden.<\/p>\n\n\n\n<p>Spende auch gerne via PayPal: <a href=\"https:\/\/paypal.me\/Steinzeitdorf\" target=\"_blank\" rel=\"noreferrer noopener\">https:\/\/paypal.me\/Steinzeitdorf<\/a><\/p>\n\n\n\n<p>Mitglied werden: <a rel=\"noreferrer noopener\" href=\"https:\/\/web.meinverein.de\/profile\/57503\" data-type=\"URL\" data-id=\"https:\/\/web.meinverein.de\/profile\/57503\" target=\"_blank\">https:\/\/web.meinverein.de\/profile\/57503<\/a><\/p>\n\n\n\n<p>Vielen Dank f\u00fcr ihre Unterst\u00fctzung!<\/p>\n","protected":false},"excerpt":{"rendered":"<p>Der F\u00f6rderverein Randau e.V. ist ein Verein mit mehr als 40 Mitgliedern, die es sich zur Aufgabe gemacht haben, die Geschichte des steinzeitlichen Siedlungsgebietes in und um Randau f\u00fcr die \u00d6ffentlichkeit sichtbar und erlebbar zu machen. Durch das Engagement des Vorstandes wurde es mit Hilfe von staatlicher F\u00f6rderung m\u00f6glich eine Vollzeitstelle f\u00fcr die Umweltp\u00e4dagogik zu [&hellip;]<\/p>\n","protected":false},"author":1,"featured_media":0,"parent":0,"menu_order":5,"comment_status":"closed","ping_status":"closed","template":"fullwidth.php","meta":[],"_links":{"self":[{"href":"https:\/\/www.steinzeitdorf-randau.de\/index.php?rest_route=\/wp\/v2\/pages\/184"}],"collection":[{"href":"https:\/\/www.steinzeitdorf-randau.de\/index.php?rest_route=\/wp\/v2\/pages"}],"about":[{"href":"https:\/\/www.steinzeitdorf-randau.de\/index.php?rest_route=\/wp\/v2\/types\/page"}],"author":[{"embeddable":true,"href":"https:\/\/www.steinzeitdorf-randau.de\/index.php?rest_route=\/wp\/v2\/users\/1"}],"replies":[{"embeddable":true,"href":"https:\/\/www.steinzeitdorf-randau.de\/index.php?rest_route=%2Fwp%2Fv2%2Fcomments&post=184"}],"version-history":[{"count":9,"href":"https:\/\/www.steinzeitdorf-randau.de\/index.php?rest_route=\/wp\/v2\/pages\/184\/revisions"}],"predecessor-version":[{"id":1575,"href":"https:\/\/www.steinzeitdorf-randau.de\/index.php?rest_route=\/wp\/v2\/pages\/184\/revisions\/1575"}],"wp:attachment":[{"href":"https:\/\/www.steinzeitdorf-randau.de\/index.php?rest_route=%2Fwp%2Fv2%2Fmedia&parent=184"}],"curies":[{"name":"wp","href":"https:\/\/api.w.org\/{rel}","templated":true}]}}